{"id":22,"date":"2021-11-30T07:38:30","date_gmt":"2021-11-30T10:38:30","guid":{"rendered":"https:\/\/centep-se.com.br\/?page_id=22"},"modified":"2021-12-09T13:43:03","modified_gmt":"2021-12-09T16:43:03","slug":"crie-seu-site-com-blocos","status":"publish","type":"page","link":"https:\/\/centep-se.com.br\/","title":{"rendered":"CENTEP"},"content":{"rendered":"\n<h2 class=\"alignwide has-text-align-wide has-gigantic-font-size wp-block-heading\" style=\"line-height:1.1\">CENTRO T\u00c9CNICO PROFISSIONALIZANTE DE TR\u00c2NSITO<\/h2>\n\n\n\n<div style=\"height:100px\" aria-hidden=\"true\" class=\"wp-block-spacer\"><\/div>\n\n\n\n<div class=\"wp-block-columns alignwide are-vertically-aligned-center is-style-twentytwentyone-columns-overlap is-layout-flex wp-container-core-columns-is-layout-9d6595d7 wp-block-columns-is-layout-flex\">\n<div class=\"wp-block-column is-vertically-aligned-center is-layout-flow wp-block-column-is-layout-flow\">\n<figure class=\"wp-block-image alignfull size-full\"><img loading=\"lazy\" decoding=\"async\" width=\"166\" height=\"156\" src=\"https:\/\/centep-se.com.br\/wp-content\/uploads\/2021\/11\/icon-EAD-2-1.jpg\" alt=\"\" class=\"wp-image-50\"\/><\/figure>\n\n\n\n<div style=\"height:100px\" aria-hidden=\"true\" class=\"wp-block-spacer\"><\/div>\n\n\n\n<figure class=\"wp-block-image alignfull size-full is-style-twentytwentyone-image-frame\"><img loading=\"lazy\" decoding=\"async\" width=\"426\" height=\"162\" src=\"https:\/\/centep-se.com.br\/wp-content\/uploads\/2021\/11\/Centep-icon.jpg\" alt=\"\" class=\"wp-image-53\" srcset=\"https:\/\/centep-se.com.br\/wp-content\/uploads\/2021\/11\/Centep-icon.jpg 426w, https:\/\/centep-se.com.br\/wp-content\/uploads\/2021\/11\/Centep-icon-300x114.jpg 300w\" sizes=\"auto, (max-width: 426px) 100vw, 426px\" \/><\/figure>\n<\/div>\n\n\n\n<div class=\"wp-block-column is-vertically-aligned-center is-layout-flow wp-block-column-is-layout-flow\">\n<div style=\"height:100px\" aria-hidden=\"true\" class=\"wp-block-spacer\"><\/div>\n\n\n\n<figure class=\"wp-block-image size-large alignfull size-full is-style-twentytwentyone-border\"><img loading=\"lazy\" decoding=\"async\" width=\"1024\" height=\"568\" src=\"https:\/\/centep-se.com.br\/wp-content\/uploads\/2021\/11\/ABERTAS_INSC-1024x568.png\" alt=\"\" class=\"wp-image-51\" srcset=\"https:\/\/centep-se.com.br\/wp-content\/uploads\/2021\/11\/ABERTAS_INSC-1024x568.png 1024w, https:\/\/centep-se.com.br\/wp-content\/uploads\/2021\/11\/ABERTAS_INSC-300x166.png 300w, https:\/\/centep-se.com.br\/wp-content\/uploads\/2021\/11\/ABERTAS_INSC-768x426.png 768w, https:\/\/centep-se.com.br\/wp-content\/uploads\/2021\/11\/ABERTAS_INSC-1536x852.png 1536w, https:\/\/centep-se.com.br\/wp-content\/uploads\/2021\/11\/ABERTAS_INSC-2048x1136.png 2048w\" sizes=\"auto, (max-width: 1024px) 100vw, 1024px\" \/><\/figure>\n<\/div>\n<\/div>\n\n\n\n<div style=\"height:50px\" aria-hidden=\"true\" class=\"wp-block-spacer\"><\/div>\n\n\n\n<div class=\"wp-block-columns alignwide are-vertically-aligned-top is-layout-flex wp-container-core-columns-is-layout-9d6595d7 wp-block-columns-is-layout-flex\">\n<div class=\"wp-block-column is-vertically-aligned-top is-layout-flow wp-block-column-is-layout-flow\">\n<p><\/p>\n\n\n\n<h3 class=\"wp-block-heading\">NOSSA VIS\u00c3O<\/h3>\n\n\n\n<p>Permanecer como a melhor empresa sergipana em capacitar pessoas para exercer profiss\u00f5es relacionadas ao tr\u00e2nsito. Tornando-as em verdadeiros profissionais de sucesso.<\/p>\n<\/div>\n\n\n\n<div class=\"wp-block-column is-vertically-aligned-top is-layout-flow wp-block-column-is-layout-flow\">\n<p><\/p>\n\n\n\n<h3 class=\"wp-block-heading\">NOSSA MISS\u00c3O<\/h3>\n\n\n\n<p>Contribuir para a exist\u00eancia de uma sociedade mais segura e feliz. E, profissionalizar pessoas atrav\u00e9s de uma metodologia de ensino desenvolvida pelos nosso pr\u00f3prios instrutores.<\/p>\n<\/div>\n\n\n\n<div class=\"wp-block-column is-vertically-aligned-top is-layout-flow wp-block-column-is-layout-flow\">\n<p><\/p>\n\n\n\n<h3 class=\"wp-block-heading\">DIFERENCIAL<\/h3>\n\n\n\n<p>\u00danica empresa credenciada pelo Detran\/SE para realizar esses cursos. Possu\u00edmos \u00e1rea pr\u00f3pria para treinamento pr\u00e1tico; contamos com ve\u00edculos novos e salas de aula climatizadas.<\/p>\n<\/div>\n<\/div>\n\n\n\n<div style=\"height:100px\" aria-hidden=\"true\" class=\"wp-block-spacer\"><\/div>\n\n\n\n<p><\/p>\n","protected":false},"excerpt":{"rendered":"<p>CENTRO T\u00c9CNICO PROFISSIONALIZANTE DE TR\u00c2NSITO NOSSA VIS\u00c3O Permanecer como a melhor empresa sergipana em capacitar pessoas para exercer profiss\u00f5es relacionadas ao tr\u00e2nsito. Tornando-as em verdadeiros profissionais de sucesso. NOSSA MISS\u00c3O Contribuir para a exist\u00eancia de uma sociedade mais segura e feliz. E, profissionalizar pessoas atrav\u00e9s de uma metodologia de ensino desenvolvida pelos nosso pr\u00f3prios instrutores. [&hellip;]<\/p>\n","protected":false},"author":1,"featured_media":51,"parent":0,"menu_order":0,"comment_status":"closed","ping_status":"closed","template":"template-business.php","meta":{"footnotes":""},"class_list":["post-22","page","type-page","status-publish","has-post-thumbnail","hentry"],"_links":{"self":[{"href":"https:\/\/centep-se.com.br\/index.php?rest_route=\/wp\/v2\/pages\/22","targetHints":{"allow":["GET"]}}],"collection":[{"href":"https:\/\/centep-se.com.br\/index.php?rest_route=\/wp\/v2\/pages"}],"about":[{"href":"https:\/\/centep-se.com.br\/index.php?rest_route=\/wp\/v2\/types\/page"}],"author":[{"embeddable":true,"href":"https:\/\/centep-se.com.br\/index.php?rest_route=\/wp\/v2\/users\/1"}],"replies":[{"embeddable":true,"href":"https:\/\/centep-se.com.br\/index.php?rest_route=%2Fwp%2Fv2%2Fcomments&post=22"}],"version-history":[{"count":9,"href":"https:\/\/centep-se.com.br\/index.php?rest_route=\/wp\/v2\/pages\/22\/revisions"}],"predecessor-version":[{"id":68,"href":"https:\/\/centep-se.com.br\/index.php?rest_route=\/wp\/v2\/pages\/22\/revisions\/68"}],"wp:featuredmedia":[{"embeddable":true,"href":"https:\/\/centep-se.com.br\/index.php?rest_route=\/wp\/v2\/media\/51"}],"wp:attachment":[{"href":"https:\/\/centep-se.com.br\/index.php?rest_route=%2Fwp%2Fv2%2Fmedia&parent=22"}],"curies":[{"name":"wp","href":"https:\/\/api.w.org\/{rel}","templated":true}]}}